nder when 55 is divided by y(a).
26
Suppose 0 = 13*r - 9*r - 12. Let u be (r - 24)*54/63. Let q(m) = m**2 + 18*m + 9. Calculate the remainder when 43 is divided by q(u).
7
Suppose -8*z - 548 = 212. Let o = z + 117. Let d(r) = -r**3 - 5*r**2 + 3*r + 10. Calculate the remainder when d(-7) is divided by o.
21
Let l(k) = 11*k + 107. Let i = -65 + 57. What is the remainder when 70 is divided by l(i)?
13
Let i = 379 - 169. Let h = -186 + i. What is the remainder when 621 is divided by h?
21
Suppose 4*y - 188 = -w, -8*y - w = -0*y - 372. What is the remainder when 146 is divided by y?
8
Let y(z) = -5*z - 9. Let n be y(-2). Let x be (0/(n + 0))/2. Suppose 0 = -x*u - u + 25. What is the remainder when 74 is divided by u?
24
Let k be ((-15)/6)/(-2*(-2)/(-8)). Suppose -4*d = 5*u - 27, 2*d + 9 = -0*u + k*u. Calculate the remainder when 34 is divided by u.
1
Let y = 216 + -111. Let c = 84 + y. What is the remainder when c is divided by 32?
29
Let x = -335 - -236. What is the remainder when 7/((-1127)/(-2944))*(-7)/(-2) is divided by x/(-6)*4/3?
20
Let r(y) = 478*y**3 + 1. Calculate the remainder when r(1) is divided by 25/4*(5480/(-100) - -58).
19
Let x = 2206 - 1969. Calculate the remainder when 1435 is divided by x.
13
Suppose 4*z + k = -14, 0 = z + 4*z - k + 22. What is the remainder when 267 is divided by ((-201)/z)/((-92)/(-16) - 5)?
66
Suppose 5 + 3 = -4*m, -3*z - 4*m + 625 = 0. Suppose 5*p - 2713 + 2904 = 4*o, 172 = 3*o + 2*p. What is the remainder when z is divided by o?
49
Let k = -64 + -4. Let y = 89 + k. Suppose -17 = -3*c + 2*s, 2*c - s = -2 + 15. What is the remainder when y is divided by c?
3
Let x = 283 + -282. Calculate the remainder when 21 is divided by 0/(-6) - (x + 17*-1).
5
Let j = -537 - -792. Let d = -63 + 127. What is the remainder when j is divided by d?
63
Let p(w) = 173*w - 210. Let r be p(9). Suppose -r = -25*u + 503. What is the remainder when 591 is divided by u?
73
Let c(g) = -44*g**3 + 6*g**2 - 4*g + 4. Let m be c(2). Let p = 346 + m. What is the remainder when 45 is divided by p?
3
Suppose 5141 = 4*b - 5*d, -1051 = 3*d - 1072. Calculate the remainder when b is divided by 42.
34
Let o be -14 + 19 - -11*1. What is the remainder when 1297/3 + o/(-12) is divided by 14?
11
Let s(b) = 209*b**2 - 227*b - 226. What is the remainder when 6925 is divided by s(-1)?
205
Let b = -49 - -51. Suppose -28 = -b*f + 2*i, 0*f - i - 47 = -4*f. Calculate the remainder when 30 is divided by f.
8
Suppose -17 = 7*u - 3. Let g be 48/28 + u/(-28)*4. Suppose 5*q - f - 149 = g*q, f - 47 = -q. Calculate the remainder when q is divided by 10.
9
Let g = -150130 + 150141. Let r(c) = -7*c + 1. Calculate the remainder when g is divided by r(-1).
3
Suppose -b + 3*b = -42. Let s(c) = -c**3 - 21*c**2 - c - 18. Let a be s(b). Suppose a*u = 10*u - 252. What is the remainder when u is divided by 10?
6
Suppose -4*l = -8*l + 692. Let m = -35 + -10. What is the remainder when l is divided by 5 + -3 - 3 - m?
41
Let c = -68 + 84. Let i(z) = 3*z**3 - 9 - 2*z**2 - 15*z - 2*z**3 + 36*z - c*z. What is the remainder when 83 is divided by i(4)?
40
Suppose 0*i + i = 122. Let b(f) = -6*f - 14. What is the remainder when i is divided by b(-3)?
2
Suppose 38391 + 74409 = 81*y + 39*y. What is the remainder when y is divided by 454?
32
Suppose -210*d + 209*d + 48 = 0. Let a(u) = u**2 - 11*u. Calculate the remainder when d is divided by a(13).
22
Suppose j - 13 + 13 = 0. Suppose 0 = -5*k - 3*p + 120, 0 = -p - j - 5. Calculate the remainder when 78 is divided by k.
24
Let l = 19113 - 18271. What is the remainder when l is divided by 107?
93
Suppose -10*t - 2*t + 187*t - 13300 = 0. Calculate the remainder when 130 is divided by t.
54
Suppose 203*g - 213*g + 414 = -86. What is the remainder when 1546 is divided by g?
46
Suppose -4*x - 490 = -5*p, p + 9*x = 14*x + 119. Suppose 9*t + 125 = 440. What is the remainder when p is divided by t?
24
Let y = -125 - -20. Let g = 17564 + -17447. Let h = y + g. What is the remainder when 21 is divided by h?
9
Calculate the remainder when (2209896/30)/9 + 3 + 7/35 is divided by 195.
193
Suppose 3*v - 5*h = 2213, -33*v = -37*v - h + 2966. What is the remainder when v is divided by 4?
1
Suppose -d + 5*t = -2765, -4*d - 5*t = 2401 - 13561. What is the remainder when d is divided by 919?
28
Let y be (5/20*0)/(-2 - -3). Suppose y = 37*r - 183 - 779. Calculate the remainder when 258 is divided by r.
24
Suppose 0*p + 2*p = 0, 5*p + 150 = 2*b. Let c(u) = -8*u - 18. Let x be c(-2). Calculate the remainder when b is divided by 22 - (0 + x - -3)*1.
12
Let r = 101 + -98. Suppose -o + r*i - 28 = -2*o, -3*o + 3*i = -108. Calculate the remainder when o is divided by 4*1 + -12 + 15.
6
Let q(r) = -6*r**2 + 2*r - 2. Let d be q(1). Let n be 4/d*(-180)/24. Suppose 3 = -g + 5*j, 77 = n*g - 0*j - 2*j. What is the remainder when 47 is divided by g?
13
Suppose -99*a - 60 = -129*a. Suppose a = 2*o, -10*v = -5*v - o - 6014. Calculate the remainder when v is divided by 14.
13
Let i(g) = g**3 + 2*g**2 - 2. Let b be i(2). Suppose -49*q + 6650 = -b*q. Calculate the remainder when q is divided by 51.
37
Let q(p) = 45*p**2 - 36*p - 2. Let l be q(4). Let k = l + -566. What is the remainder when k is divided by ((-2)/(-2))/((-1)/(-5))?
3
Calculate the remainder when -7 - 669/(-2)*176/33 is divided by 885.
7
Let s = 321 - 267. Let u = 121 - s. Calculate the remainder when 264 is divided by u.
63
Let x(p) = p**3 + 10*p**2 + 28*p + 119. What is the remainder when 5679 is divided by x(-8)?
21
Let p(l) = -l**3 - 19*l**2 + 21*l + 20. Let t be p(-20). Suppose t = -u - 9*u + 670. What is the remainder when u is divided by 9?
4
Calculate the remainder when (-10*1 - (-11 + 1)) + 655 is divided by 122.
45
Let h(u) = 11*u - 18. Let i = 468 + -461. What is the remainder when h(i) is divided by 22?
15
Let g(j) be the first derivative of j**2 + 1/3*j**3 + 11 - 3*j. What is the remainder when g(6) is divided by 12?
9
Suppose -6*o + 1 = -65. Calculate the remainder when 624 is divided by o.
8
Suppose -41 = -14*l + 127. What is the remainder when ((-56808)/162)/((-2)/3) is divided by l?
10
Let v(u) = -u**2 - 11*u - 6. Suppose 0 = -p + 6*p + 2*z - 603, 5*p = 3*z + 583. Suppose -20*b + 3*b = -p. Calculate the remainder when v(-9) is divided by b.
5
Suppose -36 - 124 = -20*n. Let g(m) = -m + 16. Calculate the remainder when g(-3) is divided by n.
3
Let z = -22813 + 23300. What is the remainder when 502 is divided by z?
15
Suppose 0 = g - 1 - 1. Let m = -95368 + 95379. Calculate the remainder when (-49)/(-2)*g*1 is divided by m.
5
Suppose -47*u + 39*u + 896 = 0. Calculate the remainder when u is divided by 74.
38
Let d(k) = 11*k**2 + 2*k + 2. Let i be d(-1). Suppose 2*g = -5*q + i - 1, 3*g = 0. Suppose -2*a = -4*a + q. Calculate the remainder when 1 is divided by a.
0
Let l(c) = -6*c**2 - 89*c - 22. Let n(s) = -2*s**2 - 30*s - 7. Let k(b) = 6*l(b) - 17*n(b). Calculate the remainder when 429 is divided by k(-10).
24
Let q = 56 - 33. Let o = -17 + q. Suppose -20*h + 53 + 487 = 0. What is the remainder when h is divided by o?
3
Let o(j) = -2*j**2 + 21*j - 9. Let f be -43*(-4)/36 - (-8)/36. Calculate the remainder when (-1)/(f - 306/61) is divided by o(8).
30
Suppose 34 = 3*x - 35. What is the remainder when x is divided by ((-8)/(-6))/(-2*4/(-96))?
7
Let y be (-70)/4*((-40)/(-7))/(-20). Let i be 2 + 3/(6/16). Suppose 0*q = -2*g - 4*q + 90, y*q = -i. Calculate the remainder when g is divided by 13.
10
What is the remainder when 6/(-21) + 10716/28 - (-28)/49 is divided by 5?
3
Let n(g) = 13*g**2 + 213*g - 592. Calculate the remainder when 475 is divided by n(-19).
43
Suppose -60*o + 132872 = -33508. What is the remainder when o is divided by 38?
37
Suppose 8*a + 1075 = 1131. Let c be -2*4*3/(-6). Suppose 18 = 3*s + p - c*p, -5*s = 3*p - 14. Calculate the remainder when a is divided by s.
3
Let y(i) = -i**3 + 10. What is the remainder when y(0) is divided by (40/(-35))/8 + (-1290)/(-210)?
4
Let k(w) = -16 - 53*w - 3 + 2 - 1. What is the remainder when k(-2) is divided by 33?
22
Let m(r) = 7*r**2 + 11*r - 9. Let o(z) = 7*z**2 + 11*z - 8. Let x(c) = -4*m(c) + 5*o(c). Let u = 34 - 24. Calculate the remainder when x(-3) is divided by u.
6
Let i(c) = -c**3 - 10*c**2 + 24*c - 139. What is the remainder when 215